 330.
15
What is the greatest common divisor of 448 and 42?
14
What is the highest common divisor of 17 and 2057?
17
Calculate the greatest common divisor of 15060 and 30.
30
Calculate the greatest common divisor of 49 and 21.
7
What is the greatest common divisor of 2681 and 7?
7
Calculate the highest common divisor of 329 and 7.
7
Calculate the highest common divisor of 77 and 133.
7
What is the greatest common divisor of 247 and 95?
19
What is the greatest common factor of 32 and 840?
8
What is the greatest common divisor of 1458 and 648?
162
Calculate the highest common divisor of 1624 and 56.
56
What is the highest common factor of 1027 and 3002?
79
What is the greatest common divisor of 76 and 1273?
19
What is the highest common factor of 48 and 156?
12
What is the greatest common divisor of 10 and 555?
5
Calculate the highest common factor of 52 and 65.
13
Calculate the highest common divisor of 17 and 153.
17
Calculate the highest common divisor of 995 and 3383.
199
What is the greatest common factor of 10318 and 308?
154
What is the highest common factor of 187 and 11?
11
Calculate the greatest common factor of 400 and 950.
50
Calculate the highest common divisor of 704 and 22.
22
What is the highest common divisor of 16866 and 18?
18
What is the greatest common factor of 7467 and 57?
57
Calculate the greatest common factor of 165 and 120.
15
Calculate the greatest common factor of 57 and 399.
57
What is the highest common divisor of 1616 and 1111?
101
Calculate the highest common divisor of 78 and 68835.
39
What is the highest common factor of 1056 and 2475?
33
Calculate the greatest common factor of 115 and 207.
23
What is the highest common divisor of 20 and 16340?
20
Calculate the highest common factor of 11 and 2123.
11
What is the greatest common divisor of 2289 and 609?
21
Calculate the highest common divisor of 875 and 14.
7
What is the highest common factor of 1677 and 430?
43
What is the greatest common factor of 28726 and 106?
106
Calculate the highest common divisor of 52 and 28.
4
Calculate the greatest common divisor of 66 and 12.
6
What is the greatest common factor of 54 and 1188?
54
What is the highest common divisor of 245 and 5?
5
Calculate the highest common factor of 196 and 700.
28
Calculate the greatest common factor of 24975 and 25.
25
What is the highest common factor of 184 and 414?
46
Calculate the highest common factor of 26 and 2.
2
What is the greatest common divisor of 175 and 7?
7
What is the highest common divisor of 1241 and 34?
17
Calculate the greatest common factor of 820 and 160.
20
What is the highest common factor of 1216 and 209?
19
Calculate the greatest common factor of 324 and 48.
12
What is the highest common divisor of 425 and 340?
85
Calculate the greatest common factor of 35 and 378.
7
What is the greatest common factor of 96 and 1248?
96
What is the greatest common factor of 148 and 4?
4
What is the highest common divisor of 630 and 450?
90
What is the highest common divisor of 255 and 408?
51
What is the highest common divisor of 515 and 103?
103
Calculate the highest common factor of 182 and 301.
7
Calculate the highest common factor of 2 and 353.
1
Calculate the greatest common divisor of 272 and 459.
17
Calculate the highest common divisor of 27952 and 16.
16
What is the highest common divisor of 352 and 22?
22
What is the highest common factor of 8874 and 29?
29
Calculate the highest common divisor of 8 and 204.
4
Calculate the greatest common divisor of 60 and 2430.
30
What is the greatest common factor of 145 and 4785?
145
Calculate the highest common divisor of 3978 and 204.
102
What is the greatest common factor of 83 and 4?
1
Calculate the highest common divisor of 17538 and 333.
111
Calculate the highest common divisor of 1968 and 56.
8
What is the greatest common divisor of 8 and 28328?
8
What is the greatest common factor of 17 and 272?
17
What is the highest common factor of 11206 and 26?
26
What is the highest common divisor of 276 and 667?
23
What is the highest common factor of 198 and 9?
9
Calculate the greatest common factor of 26 and 299.
13
What is the highest common factor of 41 and 3321?
41
Calculate the greatest common divisor of 17 and 187.
17
Calculate the greatest common divisor of 4300 and 10.
10
Calculate the greatest common factor of 4 and 100.
4
What is the highest common divisor of 20 and 45860?
20
Calculate the highest common factor of 62 and 2294.
62
Calculate the greatest common divisor of 20927 and 51.
17
What is the greatest common factor of 10 and 1070?
10
Calculate the greatest common factor of 418 and 76.
38
Calculate the highest common divisor of 15 and 30.
15
What is the greatest common divisor of 498 and 4?
2
What is the highest common divisor of 812 and 224?
28
Calculate the greatest common factor of 170 and 136.
34
Calculate the greatest common divisor of 276 and 184.
92
What is the greatest common divisor of 835 and 3674?
167
Calculate the greatest common divisor of 364 and 832.
52
Calculate the highest common divisor of 56 and 24.
8
What is the greatest common divisor of 4633 and 452?
113
Calculate the greatest common factor of 29 and 261.
29
Calculate the highest common factor of 128 and 48.
16
Calculate the highest common divisor of 768 and 120.
24
Calculate the highest common divisor of 1080 and 192.
24
Calculate the highest common factor of 264 and 1128.
24
Calculate the highest common divisor of 1600 and 40.
40
Calculate the greatest common divisor of 224 and 1696.
32
What is the greatest common divisor of 25248 and 96?
96
Calculate the greatest common divisor of 221 and 104.
13
Calculate the greatest common factor of 1208 and 6946.
302
What is the highest common divisor of 518 and 185?
37
Calculate the greatest common factor of 646 and 238.
34
Calculate the highest common factor of 999 and 18.
9
What is the greatest common factor of 476 and 28?
28
What is the greatest common factor of 381 and 4826?
127
Calculate the highest common divisor of 32 and 496.
16
Calculate the greatest common divisor of 8 and 424.
8
Calculate the greatest common factor of 418 and 76.
38
What is the highest common factor of 85 and 68?
17
Calculate the greatest common factor of 10 and 386.
2
Calculate the greatest common factor of 115 and 529.
23
What is the greatest common divisor of 1035 and 34845?
345
What is the greatest common divisor of 35 and 2065?
35
What is the greatest common factor of 1452 and 84?
12
What is the greatest common divisor of 221 and 104?
13
Calculate the highest common divisor of 11 and 1.
1
What is the highest common divisor of 65 and 715?
65
Calculate the greatest common divisor of 7141 and 74.
37
What is the highest common divisor of 27 and 171?
9
What is the greatest common factor of 330 and 565?
5
Calculate the highest common divisor of 276 and 6192.
12
Calculate the highest common divisor of 47 and 423.
47
Calculate the highest common divisor of 20 and 135.
5
What is the greatest common divisor of 12159 and 386?
193
Calculate the highest common factor of 12 and 840.
12
What is the greatest common factor of 456 and 24?
24
What is the highest common divisor of 236 and 2891?
59
What is the greatest common divisor of 34 and 23018?
34
Calculate the highest common factor of 371 and 63.
7
Calculate the greatest common factor of 138 and 6.
6
Calculate the highest common factor of 560 and 240.
80
Calculate the highest common factor of 51 and 55692.
51
What is the greatest common divisor of 1179 and 131?
131
Calculate the greatest common divisor of 2896 and 32.
16
Calculate the greatest common factor of 46 and 36133.
23
What is the highest common factor of 33 and 528?
33
What is the highest common factor of 20 and 55?
5
What is the highest common factor of 2116 and 184?
92
What is the greatest common factor of 70 and 98?
14
What is the greatest common factor of 40248 and 129?
129
Calculate the highest common factor of 273 and 156.
39
What is the highest common factor of 11 and 549?
1
Calculate the highest common divisor of 469 and 7.
7
Calculate the highest common factor of 111 and 6.
3
Calculate the greatest common divisor of 624 and 39.
39
Calculate the highest common divisor of 4 and 130.
2
Calculate the greatest common factor of 2